Let n be c(-1). Let f(x) = n + 4*x - 3*x + 2*x - 2*x. What is f(v)?
-2
Let q(o) = -4 - 17*o**2 - o**3 - 3*o + 6*o**2 - 9 + 17*o**2 + 2*o**3. What is q(-6)?
5
Let o(u) = -u**3 - 2*u**2 + 2*u + 4. Suppose 2*d = -0*a + a - 8, 0 = -3*d + a - 10. Calculate o(d).
0
Let z be 243/12 - 1/4. Let q = -16 + z. Let g(j) = 1 - j**3 - 6*j + j + 2*j + 2*j**3 - 4*j**2. Determine g(q).
-11
Let f(r) = r**2. Let c be f(-2). Suppose 1 = -c*d + 9. Suppose w = x - 2, 0 = w + 4*x - d - 11. Let u(s) = 8*s**3 - 2*s + 1. Give u(w).
7
Let o(m) = -4*m**2 - 3*m - 8. Let h be (-6)/(-15)*5 - 0. Let b(y) = 2*y**2 + 2*y + 4. Let n(s) = h*o(s) + 5*b(s). Give n(-3).
10
Let s(j) = 7*j**3 - j**2 + 2*j - 2. Let d(p) be the first derivative of 3*p**4/4 - p**3/3 + p**2/2 - p + 5. Let l(x) = -5*d(x) + 2*s(x). Determine l(2).
3
Let a(d) be the second derivative of d**5/20 + 11*d**4/12 - d**2/2 - 10*d. Let s be (-1)/(54/(-11) + 5). Calculate a(s).
-1
Let b(g) = -30*g. Suppose -26*j = -28*j - 4*m - 18, -3*m = -2*j + 10. Give b(j).
30
Let v(y) = -18*y - 9*y - 11*y + 10 + 49*y - 8*y. Give v(0).
10
Let f = -39 - -35. Let o(s) = -s**3 - 4*s**2 + 2*s + 2. Give o(f).
-6
Let j(a) = -6*a**2 - a + 3. Let o = -40 - -36. Let w(t) = -t + 1. Let m(l) = o*w(l) + j(l). Determine m(2).
-19
Let r(q) = -q**2 - 9*q + 10. Let t be r(-10). Suppose 0 = -3*z - 5*f + 37, -z = -t*z - f + 1. Let x(y) = -z + 4 + 2*y + 2. Give x(4).
10
Suppose -300*w + 272*w = 168. Let t(p) be the first derivative of -p**2 - 9*p - 1. Calculate t(w).
3
Suppose -31*q - 35 = -36*q. Let o(p) = -p**2 + 7*p + 3. Give o(q).
3
Let x(g) be the third derivative of 6*g**2 + 0 - 13/6*g**3 + 1/12*g**4 + 0*g. Give x(10).
7
Suppose 0 = -71*n + 45*n + 416. Let d(v) = v - 4. Determine d(n).
12
Let y(o) = -2*o - 7*o - 11*o + 17*o. Let a(u) = u. Let m(z) = -2*a(z) - y(z). Determine m(-8).
-8
Let d(p) = p**3 + 4*p**2 - 6*p - 6. Let r(w) = w**3 - 3*w**2 - 2*w - 3. Let c be r(4). Let m(j) = 4 + j**2 - 7*j + 0*j**2 + 1. Let z be m(c). What is d(z)?
-1
Let p(d) be the second derivative of d**4/24 + d**3/2 - 7*d**2/2 + 5*d. Let m(f) be the first derivative of p(f). Give m(-3).
0
Let w(f) be the second derivative of 0*f**4 - 1/2*f**3 + 0 - f**2 + 1/20*f**5 - 8*f. Let y(t) = 2*t - 14. Let i be y(6). Determine w(i).
-4
Let x be -6 + 12 + -2 + 0. Let k(u) = 3*u - 12. Calculate k(x).
0
Let a be 4/(-8)*2*1 + 13. Let d(m) = m**2 - 9*m - 27. What is d(a)?
9
Let o(x) = -14 + 7 - x**2 + 3 + 9 + 11*x. Determine o(11).
5
Let x be 52/234 - (-16)/9. Suppose x*n - 3 + 1 = 0. Let u(b) = 8*b. Give u(n).
8
Suppose 97*v - 93*v - 6 = 2*l, 5*l = 35. Let d(g) be the third derivative of g**5/60 - g**3 - g**2. What is d(v)?
19
Let k(u) = -4*u - 1. Let i be -1 + -2 + -6 - -1. Give k(i).
31
Suppose 5*c - 81 = p, 0 = -2*c + 2*p + p + 35. Let n(a) = 11*a + a**2 - 33*a + c*a + 4. Give n(4).
-4
Let a(w) = 1 + 8 - 4 - w**2. Suppose -4*v = -k - 12, 4*k = 5*v - 2 - 2. Suppose 0 = -v*h + 13 + 3. Determine a(h).
-11
Let u = 56 - 47. Let z(g) = -2*g**2 + 20*g - 16. Let k be z(u). Let s(b) = b**3 - 2*b**2 - 2. Calculate s(k).
-2
Let m(s) = -s**3 - s + 1. Let v(g) = 3*g**3 - 5*g**2 + 3*g - 9. Let y(q) = -4*m(q) - v(q). Let n be y(-5). Let c(h) = h**2 - h + 7. What is c(n)?
7
Let k(t) be the third derivative of -t**5/15 + t**3/3 - t**2. Let o = 286 + -288. Determine k(o).
-14
Suppose 11*y - 111 = -78. Let c(s) be the first derivative of s**3 - s**2/2 - 2*s + 4. Give c(y).
22
Let x(k) be the second derivative of k**4/12 + 8*k**3/3 + 2*k**2 - 35*k - 1. Calculate x(-16).
4
Let h(b) = -b - 6. Let c be h(-6). Let l(g) = 9*g**3 - 13*g**2 + 2*g + 23. Let o(j) = -5*j**3 + 7*j**2 - j - 12. Let p(u) = -6*l(u) - 11*o(u). Determine p(c).
-6
Let f(y) = 3*y + 1. Let g be f(2). Let c(l) = 3 - 4 + 6 - 2 + 2*l. Determine c(g).
17
Let i(s) = -7*s - 35. Let l(q) = -3*q - 20. Let u(g) = -4*i(g) + 7*l(g). Give u(4).
28
Let l(w) = 3*w - 3. Let n(z) = -7*z + 5. Let x(d) = 5*l(d) + 2*n(d). What is x(-3)?
-8
Let z(u) = -126 + 64 + 2*u + 67. Determine z(-6).
-7
Suppose -t = 25 - 21. Let d(b) be the third derivative of b**5/60 + b**4/4 - 2*b**3/3 + b**2 + 8*b. Determine d(t).
-12
Suppose -l - 3*l + 3*b = 193, -4*l - 188 = -4*b. Let f = 52 + l. Let a(j) = -j**3 + j**2 - j + 11. Determine a(f).
11
Let z(l) = -7*l**2 + 8*l + 2. Let a(v) = v**2. Let t(y) = 6*a(y) + z(y). What is t(10)?
-18
Let v(m) = m**2 + 8*m + 5. Let a = 43 + -38. Suppose -5*y + 6 = -w - 38, 0 = 5*y + 5*w - 50. Suppose 39 = -a*u + y. Give v(u).
-7
Let o(s) = s**2 - s + 13. Let f be 11/3 - (-12)/(-18). Suppose 0 = -f*h - 4*l - 6, -3*l + 2 = -2*h - 5*l. Suppose h*n - n = 0. Give o(n).
13
Let s = 220 - 226. Let y(n) = n**3 + 5*n**2 - 6*n - 7. Calculate y(s).
-7
Let f = -9 + 15. Let h(l) = -f*l - 5 + 2*l**2 + 4*l**2 - 7*l**2. Calculate h(-6).
-5
Suppose -2*n + 5 + 3 = 2*q, -q = -4*n + 16. Let i(g) = -g**3 + g**2 + g + 13. Give i(q).
13
Let x(c) be the third derivative of -2/3*c**3 + 0 + 0*c - 1/120*c**6 - 1/15*c**5 + 16*c**2 + 1/12*c**4. Calculate x(-4).
-12
Let g(l) = -l - 25. Let v(r) = 20. Let z(d) = 3*g(d) + 4*v(d). Give z(-4).
17
Let m(j) be the first derivative of j**3/6 - 5*j**2/2 - 11*j - 15. Let w(g) be the first derivative of m(g). Give w(0).
-5
Suppose -2*a + 2 = 6. Let x(l) = 20*l + 7*l**3 - 3 - 6*l**3 - 24*l. What is x(a)?
-3
Let c(j) be the third derivative of j**8/960 - j**5/120 - j**4/6 + j**2. Let l(u) be the second derivative of c(u). Determine l(1).
6
Let k(w) be the third derivative of -w**4/24 - w**3/2 + 24*w**2. Let a = -101 - -99. Give k(a).
-1
Let z be (-2)/(-4) + (-55)/(-22). Let l(u) = 3*u**z + 8*u**2 + u - 5*u**3 + 4 + 3*u**3. Let i = 48 + -56. Give l(i).
-4
Suppose 4*u = o - 0*o - 14, 18 = 4*o + 3*u. Let k(p) = -p**2 + 6*p - 6. What is k(o)?
-6
Let r be (-3 + 4)*24/4. Let d(z) = z - 1. Let y be d(r). Let i(w) = 6*w**2 - 3*w - w - 2*w**2 - 6 - 3*w**2. What is i(y)?
-1
Suppose 43 + 65 = 18*z. Let p(o) = -o**3 + 7*o**2 - 3*o - 6. Give p(z).
12
Let b be 529/24 + -11 + -11. Let f(r) be the third derivative of 1/6*r**3 + 1/60*r**5 + 0 + 0*r + b*r**4 + 13/120*r**6 - 3*r**2. Give f(-1).
-12
Let m(t) = t**3 + t**2 - 3*t - 2. Suppose 3 = -w + 5*d + 17, 4*w + 5*d - 131 = 0. Let q = w - 31. Determine m(q).
0
Let w = -30 + 41. Suppose w*g - 2 = -46. Let n(z) = -z**3 - 6*z**2 - 6*z - 6. Calculate n(g).
-14
Let b(n) = n**3 + 27*n**2 + 95*n + 83. Let a be b(-23). Let s(f) = -f**2 + 13*f + 13. Give s(a).
-1
Suppose 3*w + 2*d = 6, -w + 3*d = -6*w + 11. Suppose w*o + 1 = 5. Let u(t) = 6*t - 1. Determine u(o).
5
Let v(y) = y**3 - 13*y**2 + 8*y + 7. Let o(w) = -w**2 - 52*w - 583. Let s be o(-35). What is v(s)?
-41
Let l(k) = 11*k - 9. Let v(g) = -31 + 5*g + 8 + 15 + 4. Let h(b) = -b. Let x be h(-3). Let d(i) = x*l(i) - 7*v(i). Determine d(-3).
7
Let b(g) = -g - 5. Let l(q) = q**2 - 10*q + 28. Let a be l(6). Calculate b(a).
-9
Let w(c) = -9*c**3 + 2*c**2 - 1. Let r = -264 + 263. Calculate w(r).
10
Let m be 4 + -1 - -3*12/18. Let d(a) = -a**3 + 4*a**2 + 4*a + 5. What is d(m)?
0
Let h(x) = x - 1. Let q be 6*(-11)/(-198)*(1 + -28). What is h(q)?
-10
Let b(o) be the first derivative of -o**2/2 - 1. Suppose 0*p = -3*p - 9. Let y = p + 6. Determine b(y).
-3
Let b(a) be the second derivative of a**5/20 + a**4/2 + a**3 + 77*a. Calculate b(-4).
8
Let r(k) = 5*k**2 + 5*k + 5. Let y(s) = 2*s**2. Let i(m) = r(m) - 3*y(m). Determine i(7).
-9
Let b(m) = 1 - 9199*m**2 - 4 + 6 + 9200*m**2 - 5*m. Suppose x - 6 + 1 = 0. Determine b(x).
3
Let q(n) = 2*n**2 - 6*n + 19. Let c be q(9). Let o(t) = 7*t + c - 66 - 67. Give o(4).
22
Let i(x) = 14*x + 23. Let p = -49 + 38. Let b(o) = 0 + 1 - 2 + 5*o + 9. Let s(n) = p*b(n) + 4*i(n). What is s(-6)?
-2
Let y(i) = -8*i - 15*i - 8 - i**2 - 7*i + 37*i. Suppose 4*s - s + 13 = a, -5*s + 5*a - 35 = 0. Let u be ((-3)/s)/((-2)/(-12)). Determine y(u).
-2
Let n(f) = -4*f - 2. Let s(j) = -2*j - 3. Let t(g) = -g - 1. Let r(m) = s(m) - 5*t(m). Let z(b) = 2*n(b) + 3*r(b). What is z(4)?
6
Let o(p) = 10*p - 305. Let d be o(31). Let u(n) = n**3 - 5*n**2 + 6*n - 12. Calculate u(d).
18
Let c(k) = -266*k**2 - 3*k - 3*k - 1 + 254*k**2 + 3 + 3*k. Give c(1).
-13
Let p(j) = -17*j - 16*j + 62*j - 2 - 15*j + 24*j**3 - 12*j. Determine p(1).
24
Suppose 7 + 9 = -4*b. Let i = -1 + b. Let u(a) = 0*a**3 + 5*a**2 + a**3 + 3 + 1. Determine u(i).
4
Let l(t) = -t